of j?
6
Suppose -2*v + 4*s - 5*s = -465, 2*s + 942 = 4*v. What is the tens digit of (v/12)/(5/10)?
3
Suppose -3*s - 4*t + 5 = -7, 0 = -2*t. Suppose s = -55*o + 53*o. Let r(g) = 37*g**2 + 5*g + 4. What is the hundreds digit of r(o)?
1
Let n = 328 - 328. Suppose n = -2*i + 662 + 1612. What is the hundreds digit of i?
1
Suppose 3*a + 4*k - 40417 = 0, -5*a - 32*k + 30*k + 67329 = 0. What is the hundreds digit of a?
4
Suppose -5*g = 5*i - 40, i - 6*g - 14 = -10*g. Suppose -i*x + 2 = -34. What is the units digit of (x/(-4))/(3/(-302))?
1
Suppose 0 = g - t - 2*t + 534, g = t - 538. Let b = g - -981. Suppose b = 5*z - 259. What is the hundreds digit of z?
1
Let l(s) = -2*s**3 - 7*s**2 + 9*s + 30. Let o be l(-4). What is the units digit of (-263 - -4)/(o/(-30))?
7
Let r = 209 + -224. What is the hundreds digit of 2/r - (-113322)/765?
1
Let a = -370 + 370. Suppose a*i + 3*i + 3*k = 1236, -4*i = 5*k - 1651. What is the units digit of i?
9
Suppose -18*n = -4*n - 42. What is the tens digit of (-5 + -52)/(n/(-4))?
7
Let w(u) = -1101*u**3 - 118*u**2 - 23*u - 68. What is the thousands digit of w(-4)?
8
Suppose 0 = -5*z - 5*b - 4 - 51, 0 = -2*z + 2*b - 18. Let d(p) = p**3 + 10*p**2 + 5*p + 2. Let x be d(z). Let r = x - -226. What is the tens digit of r?
7
Suppose -53*u + 18 = -44*u. Suppose -m + u*a - 169 = -4*m, -3*m + 173 = 4*a. What is the tens digit of m?
5
Let b(h) be the first derivative of -h**4/4 + 22*h**3/3 - 37*h**2/2 - 8*h - 132. What is the tens digit of b(18)?
2
Suppose -3*y = 2*i + 5755, -2975 - 4697 = 4*y + 3*i. Let g = y + 2697. What is the units digit of g?
6
Let d be (2 - (2 - 2))*249/6. Let l = -169 + d. Let j = -31 - l. What is the tens digit of j?
5
Let u(a) = 123*a**2 - 57*a + 38. What is the hundreds digit of u(14)?
3
Let m be 1/(-6) + (-530)/(-12). Suppose -3*s = 6, -s = 2*v - 4*s - 82. Let t = m + v. What is the tens digit of t?
8
Suppose -4*z - 2*h = -86, -3*z - 8 = -2*h - 62. Suppose -190 = -3*p - 211, 0 = -4*f + p + 119. Suppose -f*t + z = -27*t. What is the tens digit of t?
2
Suppose 33 = 3*i - 3*w, 0 = -28*w + 33*w + 25. What is the units digit of 15/((-1694)/(-2184) + i/(-8))?
5
Suppose 2*w = 18*w - 192. Let y(g) = 6*g - 2*g - 4 + 36 + 3*g. What is the units digit of y(w)?
6
Let u = 1255 + 1746. What is the tens digit of u?
0
Suppose 0 - 6 = -2*j. Let u be -1*(-246)/(3 - -3). Suppose 5*z - 4*y - u = 0, 2*z = -6*y + j*y + 21. What is the units digit of z?
9
Let d = -128 - -132. Suppose -6*p = -d*p - 1402. What is the hundreds digit of p?
7
Let p = 4684 + 2269. What is the thousands digit of p?
6
Let i(x) = -x**3 - 7*x**2 - 13*x - 16. Let z be i(-4). Let w(h) = -h**3 - 14*h**2 - 29*h - 4. What is the tens digit of w(z)?
5
Let k = 2 - 2. Let q = 1026 + -1023. Suppose q*g - 408 = -k*g. What is the tens digit of g?
3
What is the thousands digit of (-10428)/99*(-3 - 153)?
6
Suppose 18*u = 22*u - 64. What is the units digit of 7302/u + ((-168)/64)/7?
6
Let z = 570 + -306. Let s = z - -282. What is the tens digit of s?
4
Suppose -5*c - q + 320 + 13416 = 0, 3*q = 3. Let g = c - 1654. What is the hundreds digit of g?
0
What is the thousands digit of 2/(-7) + (10378966/182 - 20) - -6?
7
Let l be 9 + 5 + -15 + -1 + 44. What is the tens digit of l + (6 - 6) - -2?
4
Let p = 927 - 122. Suppose 1485 = 5*q - p. What is the units digit of q?
8
Let s be (-4)/(-2) + 2 - (14 - 7). What is the hundreds digit of (1302/18)/((-1)/s)?
2
Let s(t) = -35*t + 15. Suppose -3 - 6 = 3*x. What is the units digit of s(x)?
0
Suppose 2*g + 4 = 0, -g - 20862 - 14873 = -l. What is the hundreds digit of l?
7
Suppose 3*x = 18*o - 22*o + 98182, 2*x - 3*o = 65432. What is the hundreds digit of x?
7
Let y = 79 - 24. Let q = y + -144. Let l = 246 + q. What is the tens digit of l?
5
Let q(m) = -24*m + 14. Suppose 0*n + 3*p = n, 0 = 3*n + 5*p - 14. Let t be n/(-8) - (-1159)/(-152). What is the hundreds digit of q(t)?
2
What is the tens digit of (1/3)/(2/282138)?
2
Let v be (2 - -12)*11/22. Suppose 760 = v*z + 12*z. What is the tens digit of z?
4
Suppose -2*n = -3*x - 22330 - 49360, 0 = 2*n + 4*x - 71746. What is the units digit of n?
7
Let x(v) = 3*v**2 - 6*v + 42. Let c be 54/4 - (1 - (-2)/(-4)). What is the units digit of x(c)?
1
Let f = 241 + -137. Suppose 0 = -10*x + 12*x - f. What is the tens digit of x?
5
Let z(f) = 100*f + 1106. What is the tens digit of z(47)?
0
Let y be 3/2 - (11 - 299/26). What is the units digit of y*((-28860)/(-143) + (-6)/(-33))?
4
Suppose -28 = 10*r - 118. Suppose 6648 + 2487 = r*o. What is the thousands digit of o?
1
Let c(k) = -2*k**3 - 7*k**2 - 6*k - 7. Let d be c(-4). Let f be (0 + 7 - 4) + d. Suppose -f = -0*q - 4*q. What is the units digit of q?
9
Let a(p) = -15*p**3 - 3*p**2 - 4*p - 7. Suppose 9*s = 11*s + 6. Let f be a(s). Let o = f + -267. What is the tens digit of o?
1
What is the hundreds digit of (-127 + 123)*(-2)/(-12) + (-500901)/(-9)?
6
Suppose 4*k + 10*j - 383 = 5*j, k + 3*j = 87. Let t = 1326 + k. What is the thousands digit of t?
1
Suppose -u = 5*p + 21 - 49, -p - 2 = 0. Suppose u*n + 6993 = 47*n. What is the tens digit of n?
7
Let j(r) = 8 - 9*r**2 + 5*r**2 + r**2 - r**3 + 3*r. Let g be j(-4). What is the units digit of (-1)/(-3) + 1076/g?
0
Suppose 3*v + s - 22958 - 27346 = 0, 4*s - 67080 = -4*v. What is the ten thousands digit of v?
1
Let b = 78 - 88. Let v be (-2808)/(-20) + 0 - (-4)/b. Let n = -80 + v. What is the tens digit of n?
6
Let v = -60045 + 98825. What is the thousands digit of v?
8
Suppose -69787 = -2*q - 5*y, -83489 = -4*q + 2*y + 56025. What is the thousands digit of q?
4
Suppose 11*f - 76041 = -10*f. What is the units digit of (6/4)/3 - f/(-102)?
6
Let n be (-2)/19 - (-120)/57. Let s(i) = 83*i - 3. What is the hundreds digit of s(n)?
1
Let y = -63 + 73. Let v(r) = -10*r**2 + 429*r**3 - 428*r**3 - y + r + 11*r. What is the units digit of v(9)?
7
Suppose v - 38*u + 24 = -43*u, -v = 4*u + 18. Let f(j) = -4 - j**3 + 6*j**2 + j**2 - j + 0*j**3. What is the tens digit of f(v)?
2
Let p(s) = s**2 - 51. Let l be p(9). Suppose l*k = 15*k + 15840. What is the thousands digit of k?
1
Suppose 1458 + 32227 = 19*d - 5949. What is the hundreds digit of d?
0
Let j be (39/(-4))/(5*(-15)/198200). Suppose 43*c - j = 34993. What is the tens digit of c?
1
What is the hundreds digit of 4866688/544 - (-12)/(-102)?
9
Let z be 5/(25/(-15)) - -275. Suppose -z = -n - 4*w, -4*n + 5*w + 400 = -667. Suppose -a - n = -5*a. What is the units digit of a?
7
Let w be ((-1)/(-2)*1)/(9/36). What is the tens digit of (69/(-9))/(w/(-324))?
4
Let s(v) = -v**3 + 30*v**2 - 28*v - 10. Let m be s(29). Suppose -m*j = -20*j + 362. What is the tens digit of j?
6
Let q(v) = 31*v**2 - 5*v - 4. Let c be ((-6)/(-8))/((-98)/(-392)). What is the units digit of q(c)?
0
Suppose -30*l + 5580 = -3208 - 7472. What is the hundreds digit of l?
5
Let x(h) = 14*h**2 + 22*h + 77. What is the units digit of x(-19)?
3
Let r = 14314 + 56880. What is the tens digit of r?
9
Suppose -7142 = -4*x + x - 4*o, 0 = 5*x - 2*o - 11938. What is the thousands digit of x?
2
Let p be (-108)/(-10) + (-80)/100. Let g(d) = 20*d - 4*d - 2*d**2 - 22 + d**2. What is the units digit of g(p)?
8
Let x be 1 + -1065 - 8/(-16)*6. Let z = x - -1968. What is the tens digit of z?
0
Suppose 49 - 4 = -9*k. Let j(p) = -p**3 + 4*p**2 - 8*p - 7. What is the tens digit of j(k)?
5
Let c = 67 - 61. What is the hundreds digit of (22/c - 4)*0 + 316?
3
Let k(f) = f**2 + 13*f + 26. Let n be k(-11). What is the hundreds digit of 180726/462 + n/(-22)?
3
Let b(v) = 8*v + 70. Let a be b(-8). What is the units digit of a - (1425 - 7)*-1?
4
Suppose 2*m + 63 = -m. Let t(v) = 19*v + 1204. Let w be t(-66). Let g = m - w. What is the units digit of g?
9
Suppose -4*a + 72 = 64. Suppose z = -a*z - 2*p + 73, 4*z + 2*p - 100 = 0. Suppose -2*y = -z - 35. What is the units digit of y?
1
Suppose -204*t + 183*t = -692916. What is the tens digit of t?
9
Suppose -199*w = -197*w, -2*l + 5*w + 14086 = 0. What is the tens digit of l?
4
Let l be 10701/12*(2 + (-6)/(-9)). Let m = l + -1416. What is the hundreds digit of m?
9
What is the tens digit of 2 - (112/952 + (1 - (-392124)/(-17)))?
6
Let p(j) = 796*j + 157. What is the hundreds digit of p(5)?
1
Suppose -4*m = -5*c + 7, 2*c = 4*c + 5*m - 16. Suppose -d = c*d, 3*d = -5*n + 405. Wh